{"id":276,"date":"2021-04-29T11:18:07","date_gmt":"2021-04-29T11:18:07","guid":{"rendered":"https:\/\/info.belenushotel.hu\/?page_id=276"},"modified":"2021-04-29T11:18:07","modified_gmt":"2021-04-29T11:18:07","slug":"gedenkstube-von-istvan-fekete-und-die-matula-huette","status":"publish","type":"page","link":"https:\/\/info.belenushotel.hu\/de\/programme\/gedenkstube-von-istvan-fekete-und-die-matula-huette\/","title":{"rendered":"Gedenkstube von Istv\u00e1n Fekete und die Matula H\u00fctte"},"content":{"rendered":"<p>Das streng gesch\u00fctzte Gebiet des Kis-Balaton kann man nur mit Fachf\u00fchrung besichtigen. Im Rahmen der F\u00fchrung besuchen die Gruppen die Gedenkstube von Istv\u00e1n Fekete und die Matula H\u00fctte auf der Di\u00e1s-Insel.<\/p>\n","protected":false},"excerpt":{"rendered":"<p>Das streng gesch\u00fctzte Gebiet des Kis-Balaton kann man nur mit Fachf\u00fchrung besichtigen. Im Rahmen der F\u00fchrung besuchen die Gruppen die Gedenkstube von Istv\u00e1n Fekete und die Matula H\u00fctte auf der Di\u00e1s-Insel.<\/p>\n","protected":false},"author":1,"featured_media":277,"parent":187,"menu_order":0,"comment_status":"closed","ping_status":"closed","template":"","meta":{"footnotes":""},"class_list":["post-276","page","type-page","status-publish","has-post-thumbnail","hentry"],"_links":{"self":[{"href":"https:\/\/info.belenushotel.hu\/de\/wp-json\/wp\/v2\/pages\/276","targetHints":{"allow":["GET"]}}],"collection":[{"href":"https:\/\/info.belenushotel.hu\/de\/wp-json\/wp\/v2\/pages"}],"about":[{"href":"https:\/\/info.belenushotel.hu\/de\/wp-json\/wp\/v2\/types\/page"}],"author":[{"embeddable":true,"href":"https:\/\/info.belenushotel.hu\/de\/wp-json\/wp\/v2\/users\/1"}],"replies":[{"embeddable":true,"href":"https:\/\/info.belenushotel.hu\/de\/wp-json\/wp\/v2\/comments?post=276"}],"version-history":[{"count":1,"href":"https:\/\/info.belenushotel.hu\/de\/wp-json\/wp\/v2\/pages\/276\/revisions"}],"predecessor-version":[{"id":278,"href":"https:\/\/info.belenushotel.hu\/de\/wp-json\/wp\/v2\/pages\/276\/revisions\/278"}],"up":[{"embeddable":true,"href":"https:\/\/info.belenushotel.hu\/de\/wp-json\/wp\/v2\/pages\/187"}],"wp:featuredmedia":[{"embeddable":true,"href":"https:\/\/info.belenushotel.hu\/de\/wp-json\/wp\/v2\/media\/277"}],"wp:attachment":[{"href":"https:\/\/info.belenushotel.hu\/de\/wp-json\/wp\/v2\/media?parent=276"}],"curies":[{"name":"wp","href":"https:\/\/api.w.org\/{rel}","templated":true}]}}

Gedenkstube von István Fekete und die Matula Hütte

<p>Das streng geschützte Gebiet des Kis-Balaton kann man nur mit Fachführung besichtigen. Im Rahmen der Führung besuchen die Gruppen die Gedenkstube von István Fekete und die Matula Hütte auf der Diás-Insel.</p>
